{"id":113,"date":"2022-04-08T13:16:50","date_gmt":"2022-04-08T11:16:50","guid":{"rendered":"http:\/\/web-foto-grafika.cz\/?page_id=113"},"modified":"2023-02-05T14:25:14","modified_gmt":"2023-02-05T13:25:14","slug":"objednavka","status":"publish","type":"page","link":"http:\/\/web-foto-grafika.cz\/index.php\/objednavka\/","title":{"rendered":"Objedn\u00e1vka"},"content":{"rendered":"\n<div class=\"wp-block-cover is-light wp-duotone-rgba00002-rgba25525525501-1\" style=\"min-height:284px;aspect-ratio:unset;\"><span aria-hidden=\"true\" class=\"wp-block-cover__background has-background-dim-60 has-background-dim has-background-gradient\" style=\"background:linear-gradient(166deg,rgb(63,82,18) 0%,rgb(166,199,84) 100%)\"><\/span><div class=\"wp-block-cover__inner-container is-layout-flow wp-block-cover-is-layout-flow\">\n<div class=\"wp-block-contact-form-7-contact-form-selector\">\n<div class=\"wpcf7 no-js\" id=\"wpcf7-f169-o1\" lang=\"cs-CZ\" dir=\"ltr\" data-wpcf7-id=\"169\">\n<div class=\"screen-reader-response\"><p role=\"status\" aria-live=\"polite\" aria-atomic=\"true\"><\/p> <ul><\/ul><\/div>\n<form action=\"\/index.php\/wp-json\/wp\/v2\/pages\/113#wpcf7-f169-o1\" method=\"post\" class=\"wpcf7-form init\" aria-label=\"Kontaktn\u00ed formul\u00e1\u0159\" novalidate=\"novalidate\" data-status=\"init\">\n<fieldset class=\"hidden-fields-container\"><input type=\"hidden\" name=\"_wpcf7\" value=\"169\" \/><input type=\"hidden\" name=\"_wpcf7_version\" value=\"6.1.5\" \/><input type=\"hidden\" name=\"_wpcf7_locale\" value=\"cs_CZ\" \/><input type=\"hidden\" name=\"_wpcf7_unit_tag\" value=\"wpcf7-f169-o1\" \/><input type=\"hidden\" name=\"_wpcf7_container_post\" value=\"0\" \/><input type=\"hidden\" name=\"_wpcf7_posted_data_hash\" value=\"\" \/><input type=\"hidden\" name=\"_wpcf7_recaptcha_response\" value=\"\" \/>\n<\/fieldset>\n<style>\ninput.odeslat {height: 60px; width: 250px; background-color: #cadba1; color: #6b7c44; border: 3px solid white; font-size: x-large}\ninput.odeslat:hover {background-color: #8f9c68; color: white}\np {font-size: large}\np.gdpr {font-size: small}\n<\/style>\n<fieldset>\n\t<legend style=\"color: #dcdcdc;\">OBJEDN\u00c1VKA \/ \u017e\u00e1dost o info\n\t<\/legend>\n\t<p><label><span class=\"wpcf7-form-control-wrap\" data-name=\"your-name\"><input size=\"40\" maxlength=\"400\" class=\"wpcf7-form-control wpcf7-text wpcf7-validates-as-required\" aria-required=\"true\" aria-invalid=\"false\" placeholder=\"Jm\u00e9no a p\u0159\u00edjmen\u00ed\" value=\"\" type=\"text\" name=\"your-name\" \/><\/span> <\/label><br \/>\n<label><span class=\"wpcf7-form-control-wrap\" data-name=\"your-email\"><input size=\"40\" maxlength=\"400\" class=\"wpcf7-form-control wpcf7-email wpcf7-validates-as-required wpcf7-text wpcf7-validates-as-email\" aria-required=\"true\" aria-invalid=\"false\" placeholder=\"Email\" value=\"\" type=\"email\" name=\"your-email\" \/><\/span> <\/label><br \/>\n<label><span class=\"wpcf7-form-control-wrap\" data-name=\"tel-603\"><input size=\"40\" maxlength=\"400\" class=\"wpcf7-form-control wpcf7-tel wpcf7-text wpcf7-validates-as-tel\" aria-invalid=\"false\" placeholder=\"Telefon\" value=\"\" type=\"tel\" name=\"tel-603\" \/><\/span> <\/label>\n\t<\/p>\n\t<fieldset>\n\t\t<p><label><b>P\u0159edm\u011bt zpr\u00e1vy:<\/b><br \/>\n<span class=\"wpcf7-form-control-wrap\" data-name=\"text-726\"><input size=\"40\" maxlength=\"400\" class=\"wpcf7-form-control wpcf7-text\" aria-invalid=\"false\" placeholder=\"Objedn\u00e1vka WEBU...\" value=\"\" type=\"text\" name=\"text-726\" \/><\/span><\/label><br \/>\n<small><span class=\"wpcf7-form-control-wrap\" data-name=\"checkbox-463\"><span class=\"wpcf7-form-control wpcf7-checkbox\"><span class=\"wpcf7-list-item first\"><label><input type=\"checkbox\" name=\"checkbox-463[]\" value=\"WEB\" \/><span class=\"wpcf7-list-item-label\">WEB<\/span><\/label><\/span><span class=\"wpcf7-list-item\"><label><input type=\"checkbox\" name=\"checkbox-463[]\" value=\"E-shop\" \/><span class=\"wpcf7-list-item-label\">E-shop<\/span><\/label><\/span><span class=\"wpcf7-list-item\"><label><input type=\"checkbox\" name=\"checkbox-463[]\" value=\"Foto\" \/><span class=\"wpcf7-list-item-label\">Foto<\/span><\/label><\/span><span class=\"wpcf7-list-item last\"><label><input type=\"checkbox\" name=\"checkbox-463[]\" value=\"Grafika\" \/><span class=\"wpcf7-list-item-label\">Grafika<\/span><\/label><\/span><\/span><\/span><\/small><br \/>\n<span class=\"wpcf7-form-control-wrap\" data-name=\"date-644\"><input class=\"wpcf7-form-control wpcf7-date wpcf7-validates-as-date\" aria-invalid=\"false\" value=\"\" type=\"date\" name=\"date-644\" \/><\/span><small> ...po\u017eadovan\u00fd term\u00edn zpracov\u00e1n\u00ed<\/small>\n\t\t<\/p>\n\t\t<p><label><b>Va\u0161e zpr\u00e1va:<\/b><br \/>\n<span class=\"wpcf7-form-control-wrap\" data-name=\"your-message\"><textarea cols=\"40\" rows=\"10\" maxlength=\"2000\" class=\"wpcf7-form-control wpcf7-textarea\" aria-invalid=\"false\" name=\"your-message\"><\/textarea><\/span><\/label>\n\t\t<\/p>\n\t<\/fieldset>\n\t<p class=gdpr>Dokon\u010den\u00edm objedn\u00e1vky souhlas\u00edte se zpracov\u00e1n\u00edm osobn\u00edch \u00fadaj\u016f.<br \/>\n<a href=\"http:\/\/web-foto-grafika.cz\/index.php\/gdpr\/\" target=\"_blank\"><b>Z\u00e1sady ochrany osobn\u00edch \u00fadaj\u016f - GDPR<\/b><\/a>\n\t<\/p>\n\t<p><label> <input class=\"wpcf7-form-control wpcf7-submit has-spinner odeslat\" type=\"submit\" value=\"ODESLAT\" \/> <\/label>\n\t<\/p>\n<\/fieldset><p style=\"display: none !important;\"><label>&#916;<textarea name=\"_wpcf7_ak_hp_textarea\" cols=\"45\" rows=\"8\" maxlength=\"100\"><\/textarea><\/label><input type=\"hidden\" id=\"ak_js_1\" name=\"_wpcf7_ak_js\" value=\"98\"\/><script>document.getElementById( \"ak_js_1\" ).setAttribute( \"value\", ( new Date() ).getTime() );<\/script><\/p><div class=\"wpcf7-response-output\" aria-hidden=\"true\"><\/div>\n<\/form>\n<\/div>\n<\/div>\n<\/div><\/div>\n","protected":false},"excerpt":{"rendered":"","protected":false},"author":1,"featured_media":0,"parent":0,"menu_order":1,"comment_status":"closed","ping_status":"closed","template":"","meta":{"_ti_tpc_template_sync":false,"_ti_tpc_template_id":"","footnotes":""},"class_list":["post-113","page","type-page","status-publish","hentry"],"_links":{"self":[{"href":"http:\/\/web-foto-grafika.cz\/index.php\/wp-json\/wp\/v2\/pages\/113","targetHints":{"allow":["GET"]}}],"collection":[{"href":"http:\/\/web-foto-grafika.cz\/index.php\/wp-json\/wp\/v2\/pages"}],"about":[{"href":"http:\/\/web-foto-grafika.cz\/index.php\/wp-json\/wp\/v2\/types\/page"}],"author":[{"embeddable":true,"href":"http:\/\/web-foto-grafika.cz\/index.php\/wp-json\/wp\/v2\/users\/1"}],"replies":[{"embeddable":true,"href":"http:\/\/web-foto-grafika.cz\/index.php\/wp-json\/wp\/v2\/comments?post=113"}],"version-history":[{"count":29,"href":"http:\/\/web-foto-grafika.cz\/index.php\/wp-json\/wp\/v2\/pages\/113\/revisions"}],"predecessor-version":[{"id":800,"href":"http:\/\/web-foto-grafika.cz\/index.php\/wp-json\/wp\/v2\/pages\/113\/revisions\/800"}],"wp:attachment":[{"href":"http:\/\/web-foto-grafika.cz\/index.php\/wp-json\/wp\/v2\/media?parent=113"}],"curies":[{"name":"wp","href":"https:\/\/api.w.org\/{rel}","templated":true}]}}